((-2)/(-2))/(s/15). Determine i(v).
6
Let l(d) be the second derivative of 1/3*d**4 - 1/20*d**5 + 0 + 3/2*d**2 - 1/6*d**3 - 3*d. Give l(3).
9
Let c(w) be the second derivative of -w**4/12 + 5*w**3/6 - 3*w**2/2 - 2*w. Suppose 24 = 4*s - 2*s. Let d be (8/(-12))/((-2)/s). Calculate c(d).
1
Let v(j) be the second derivative of -2*j - 3/2*j**2 + 0 + 5/24*j**4 + 2/3*j**3 - 1/60*j**5. Let c(b) be the first derivative of v(b). What is c(5)?
4
Let i(k) = -k - 6. Let t be i(-8). Let o(z) = 1 + t*z - 1 + 4. Calculate o(-5).
-6
Let n be ((-3)/(-9))/((-4)/12). Let b(j) = -6*j**3 + j**2 - j - 1. Give b(n).
7
Let o = 19 + -20. Let s(j) = -4*j**2 - j - 1. Give s(o).
-4
Let l(h) = -h**2 - 6 - 5*h**2 + 6 - h. Calculate l(-1).
-5
Let x(z) = 5*z + 5*z - 5*z. Let h be 0 + 2 + -1 + -2. Let t be h + 2 - 0/2. Calculate x(t).
5
Let m(z) = -z**2 - 8*z + 8. Let t be (-6)/(-8) - 7/((-28)/(-39)). Calculate m(t).
-1
Let r = 18 + -16. Let w(v) = 0*v + 2*v + 6 + v**r - v. Let y = 1 - 1. What is w(y)?
6
Let l(w) = -w**2 - 4*w + 1. Let p be l(-2). Let a(g) = 12*g + 5*g**2 - p - 13*g + g**3 - 2*g**3 + 2. Give a(5).
-8
Suppose 0 = -5*z + 12 + 3, -3*p = z - 24. Let k(q) = -q**2 + 5*q + 1. What is k(p)?
-13
Let x(p) = p**2 - 2. Let g be x(-2). Let f(h) = 4 - 6*h**g + 5*h**2 + h**3 - 2. Let k = -16 + 14. What is f(k)?
-10
Let k(p) = -4*p**2 + 2*p - 4*p**2 + 1 - 2. Suppose 10*i + 4 = 14*i. Give k(i).
-7
Suppose -2*t + 7*t + 20 = 0. Let y(u) be the third derivative of -1/6*u**3 + 0 - 1/120*u**6 - u**2 - 1/8*u**4 - 1/12*u**5 + 0*u. What is y(t)?
-5
Let l(z) = -z**3 + z**2 + 4*z. Let n be l(3). Let y be (-16)/n + (-4)/6. Suppose -k + y*k + 3 = 0. Let q(w) = w**2 + 4*w + 1. Calculate q(k).
-2
Let v(k) = k - 6. Let c be (4/(-6))/((-6)/90). Let d be 2/4*2*c. Suppose -d = g - 3*g + 4*w, 0 = -2*g + 5*w + 10. Give v(g).
-1
Let z(q) = -q + 5. Let x be ((-1)/(-2))/((-2)/(-12)). Let d(a) = x*a**2 - 5*a**3 + 0*a - 5*a**2 - a. Let l be d(-1). Give z(l).
1
Let l(r) = -r. Let w(u) = -6*u - 8. Let s(j) = 5*l(j) - w(j). Suppose 3*t + 2*t = -30. Let d = t - 0. Give s(d).
2
Let x(i) = i. Let s(o) = -5*o. Let j(d) = 5*s(d) + 30*x(d). Suppose -5 = g - 2*g. Suppose 3*w - 4 = g*y - 0*w, y + 5*w = 16. What is j(y)?
5
Suppose 3*g = -2*g - 30. Let t(y) = 3*y - 5*y + y - 6. Give t(g).
0
Let q(v) be the first derivative of -2*v**4 - 2*v**3/3 + v**2 - v + 4. Give q(1).
-9
Let s(a) = 3*a - 8*a - 3 + 6*a. Determine s(8).
5
Let q(t) = -t - 13. Suppose -5 = -3*z - 4*i, -z = 5*i + 1 + 1. Suppose -4*k - z*g - 22 = -2*g, 5*g - 22 = 2*k. Calculate q(k).
-7
Let z(y) = y**2 + 1. Let f(x) = -3*x**2 - 3*x + 5. Let b(d) = f(d) + 2*z(d). Suppose 0 = -5*q - 3 - 27. Give b(q).
-11
Let d(g) = g + 7. Let t be d(-5). Let b(n) = 11*n**2 - 8*n - 20. Let y(f) = -4*f**2 + 3*f + 7. Let o(w) = -6*b(w) - 17*y(w). Calculate o(t).
3
Suppose -4*q = -q + 3. Let o(a) = 2 - 3 + 5*a - a + 2. Calculate o(q).
-3
Let y(l) = 5*l**2 - 15*l - 5. Let q(w) = w**2 - 3*w - 1. Let i(f) = -11*q(f) + 2*y(f). Determine i(4).
-3
Let c = -20 + 18. Let i be 3 - (-5)/(5/c). Let h(n) = 3*n + 1. Calculate h(i).
4
Let n(w) be the third derivative of -w**6/60 - w**5/60 + w**4/24 - 2*w**2. Determine n(1).
-2
Let o(h) be the third derivative of -h**6/120 - h**5/12 - h**4/12 + 2*h**3/3 - 56*h**2. What is o(-3)?
-8
Let d be 12/(-54) - 20/(-9). Suppose 0 = m + 8 - d. Let v(h) = -h**2 - 8*h - 8. What is v(m)?
4
Let r be 24*(6/(-4) + -2). Let z be r/(-10) - 4/10. Let q(n) = z*n + 6 + 3 - 9*n. Determine q(5).
4
Let d(a) = -a**3 + 2*a**2 + 2*a + 1. Let v be ((-2)/3)/(4/(-6)). Let l(g) = -2*g + 2*g + 0*g - g. Let n be l(v). What is d(n)?
2
Let v(s) = s**3 + 4*s**2 + 4*s. Let k = 40 + -14. Suppose -5*p - k = -3*n - 3, 4*n = -p + 46. Suppose -5 = h, -r - 3*h - 7 = n. What is v(r)?
-3
Let d(h) = h**3 - 7*h**2 - 8*h + 3. Let p be 6/8 - 203/(-28). Determine d(p).
3
Let r(o) = -o**2 - 3 + 1 + o + 0*o**2 + 0*o**2. Let b = -5 + 8. Calculate r(b).
-8
Let i(s) = -s - 6. Let c be -3 + (-9)/(-1) - -3. Let y = c + -12. What is i(y)?
-3
Let j = -35 - -40. Let u(y) = y**2 - 3*y - 1. Give u(j).
9
Let f(t) = 8*t + 9. Let b(i) = -i - 1. Let h(l) = -6*b(l) - f(l). Calculate h(-5).
7
Let x(m) be the third derivative of -m**4/4 + 2*m**2 + 39. What is x(-1)?
6
Let d(q) = q + 4. Let y(c) = -3*c**2 + 3*c. Let a be y(2). Give d(a).
-2
Let r(u) = -u**2 - u - 3. Suppose 3*j = 4*j. Suppose j*g + g - 6 = 0. Suppose -3*d + d - g = 0. Calculate r(d).
-9
Suppose -d - 1 = -7. Let k(v) = v - 4. Determine k(d).
2
Let l(n) be the third derivative of -1/120*n**6 + 0*n + 3*n**2 - 4/3*n**3 + 0*n**4 - 1/60*n**5 + 0. Determine l(0).
-8
Let b(u) = -u - 1. Let q(p) = 5*p + 5. Let z(v) = -3*b(v) - q(v). Determine z(-3).
4
Suppose 4*a - 3*m - 9 = -3, 4*m = -3*a + 17. Let s(b) = -4*b**2 + 3*b - 1. Let w(v) = 5*v**2 - 3*v + 2. Let z(d) = 4*s(d) + 3*w(d). Give z(a).
2
Let s(c) = 4 - 2*c + 4*c - c. Let j(o) = o**3 - 2*o**2 - 4*o - 1. Let q be j(3). Determine s(q).
0
Let r(u) = -11*u - 1. Let z(b) = 5*b. Let o(v) = 4*r(v) + 9*z(v). Let p = 24 + -28. Give o(p).
-8
Let m(b) = -5*b**2 + 2. Let a(y) = -3*y**2 + y + 1. Let k(j) = -j**2 + j. Let i(z) = -a(z) + 2*k(z). Let g(h) = -6*i(h) - m(h). Calculate g(-6).
4
Let f(p) = 3*p**3 - 1 - 4*p**3 + 0 + 3. Suppose 5*x + 0*x = 0. Let n be -2 + (-2 - -4) + x. Determine f(n).
2
Let r = -86 - -89. Let f(x) be the first derivative of -6*x + 1/4*x**4 - 1/2*x**2 + 2 + 2*x**r. Determine f(-6).
0
Suppose 5*h = -8 - 12. Let a be h*1 + (7 - 6). Let c(d) = d + 2. Give c(a).
-1
Let t(d) be the third derivative of d**5/60 + d**2. Let r be 3/3*12/4. Suppose 2*l + r*p = -l - 12, 10 = -2*p. What is t(l)?
1
Let p = -2 + 3. Let t(c) = 9 - 2 - 3*c - 6. Give t(p).
-2
Let q(j) = -j**2 - 7*j - 9. Let p be q(-8). Let m = p + 19. Let y(r) = -3*r + 11. Let v(o) = -o + 6. Let t(d) = -7*v(d) + 4*y(d). Calculate t(m).
-8
Let l(k) = -3*k - 11. Let y(j) = -j - 4. Let d(c) = 2*l(c) - 7*y(c). Calculate d(-5).
1
Let y(x) = -4*x. Let u be ((-8)/12)/(2/(-3)). Suppose 9 - u = 4*s. Let h = -3 + s. Give y(h).
4
Let c(h) = -1 - h**2 + 7*h + 4 + 2 - 6. Give c(6).
5
Let k(h) = -5*h**3 + 9*h**2 + 3. Let t(f) = -6*f**3 + 10*f**2 + f + 4. Let n(g) = -5*k(g) + 4*t(g). Calculate n(4).
1
Let i(j) be the first derivative of -19*j**2/2 + 5. What is i(1)?
-19
Let l(i) = -i**3 - 4*i**2 + 4*i - 7. Let b be l(-5). Let n be (b - -1)/1 - -3. Suppose -o - 2*o - 9 = 3*s, n = -2*s. Let g(v) = -v**3 - v**2 - 2. Give g(o).
2
Let n(m) = 9*m**2 + 0*m + 7*m**3 - 2*m + 5 - 10*m**2. Let t(s) = -8*s**3 + 2*s**2 + 3*s - 6. Let u(b) = -6*n(b) - 5*t(b). Calculate u(-2).
6
Let l(f) be the first derivative of f**2/2 + 1. Let x(t) = -19*t + 78. Let g be x(4). Calculate l(g).
2
Let c(n) = n**2 + 0*n - 11*n - 1 + 2*n. Let q(t) = t**2 - 8*t - 1. Let u(g) = 6*c(g) - 7*q(g). Determine u(-2).
-7
Let s = -5 - -15. Suppose x = 3*x + s. Let q(k) = -55 + 5*k + 61 - 4*k. Determine q(x).
1
Let r(a) be the first derivative of 11*a**3/3 - a**2/2 + a + 45. Determine r(1).
11
Let h(z) be the third derivative of 1/15*z**5 + 3*z**2 + 1/3*z**3 + 0*z - 1/120*z**6 + 0 - 1/12*z**4. Determine h(2).
6
Let b(f) = -f**2 + 13*f + 6 - 13*f. Suppose 4*p = 2*p. Give b(p).
6
Let a(m) be the first derivative of -4*m**3/3 - m**2/2 + 11*m + 2. Let p(j) = 7*j**2 + 2*j - 21. Let y(v) = 5*a(v) + 3*p(v). What is y(0)?
-8
Let i(k) be the second derivative of k**7/840 + k**6/120 - k**5/40 + k**4/6 - k**3/3 + 2*k. Let w(u) be the second derivative of i(u). What is w(-4)?
0
Suppose -3*b = -3*x - x - 17, -3*b = -9. Let j(f) = 2*f**2 + f. Calculate j(x).
6
Let z = 28 - 30. Let b(y) = 2*y - 1. Determine b(z).
-5
Let h(b) = -6*b - 1 - 2*b + 0. Let w(n) = n**3 - 6*n**2 - n + 5. Let p be w(6). What is h(p)?
7
Suppose v - d = -4, 5*d - 6 = v + 2. Let l(u) be the third derivative of -u**5/60 - u**4/8 + u**3/3 + 3*u**2. Give l(v).
2
Let u(l) = -l**2 - 3*l - 4. Let c(p) = 2*p**3. Let a be c(1). Let f(t) = 3*t + 3*t**2 + 5 + a*t**2 - 4*t**2. Let o(b) = -5*f(b) - 6*u(b). Calculate o(2).
9
Let r(t) = -t**3 + 4*t**2 + 2*t + 3. Let k be r(4). Suppose -5*l - 1 + k = 0. Let d(x) = 4 - 3 + 10*x - 4*x + l*x. Determine d(-1).
-7
Suppose 6*h - 20 = h. Let y(v) = -2 + 3 - v + v**2 - 4*v. Calculate y(h).
-3
Let y be (-10)/2*((-56)/35)/(-2). Let r(t) = -t**3 - 5*t**2 - 5*t. What is r(y)?
4
Suppose 5*c - 3*f + 40 = -